192.168.10.9 - - [03/Dec/2025:14:15:17 +0100] "GET /basquetour-publica-su-memoria-de-actividad-de-2023-en.htm HTTP/1.1" 200 28573 "-" "Mozilla/5.0 (compatible; Barkrowler/0.9; +https://babbar.tech/crawler)"
192.168.10.19 - - [03/Dec/2025:14:15:22 +0100] "GET /imagenes/noticias/web01-GV-euskara_eguna_25_es.png HTTP/1.1" 200 317521 "-" "facebookexternalhit/1.1 (+http://www.facebook.com/externalhit_uatext.php)"
192.168.10.19 - - [03/Dec/2025:14:15:28 +0100] "GET / HTTP/1.1" 302 0 "-" "Mozilla/5.0 (X11; Ubuntu; Linux x86_64; rv:72.0) Gecko/20100101 Firefox/72.0"
192.168.10.9 - - [03/Dec/2025:14:15:29 +0100] "GET /euskadi-sevillako-emotions-travel-community-azokan.htmimages/ico_correo.png HTTP/1.1" 302 209 "-" "Mozilla/5.0 (X11; Ubuntu; Linux x86_64; rv:72.0) Gecko/20100101 Firefox/72.0"
192.168.10.9 - - [03/Dec/2025:14:15:32 +0100] "GET /inicio.htm HTTP/1.1" 200 32754 "-" "Twitterbot/1.0"
192.168.10.9 - - [03/Dec/2025:14:15:38 +0100] "GET /firmas/logoUNWTO.png HTTP/1.1" 200 2542 "-" "Mozilla/4.0 (compatible; ms-office; MSOffice 16)"
192.168.10.9 - - [03/Dec/2025:14:15:38 +0100] "GET /firmas/logo_basquetour.png HTTP/1.1" 200 8131 "-" "Mozilla/4.0 (compatible; ms-office; MSOffice 16)"
192.168.10.9 - - [03/Dec/2025:14:15:38 +0100] "GET /firmas/logo_euskadi.gif HTTP/1.1" 200 3897 "-" "Mozilla/4.0 (compatible; ms-office; MSOffice 16)"
192.168.10.19 - - [03/Dec/2025:14:15:38 +0100] "GET /firmas/logo_gobierno.gif HTTP/1.1" 200 5993 "-" "Mozilla/4.0 (compatible; ms-office; MSOffice 16)"
192.168.10.19 - - [03/Dec/2025:14:15:38 +0100] "GET /firmas/Euskararen-Txantxangorria-1.png HTTP/1.1" 200 8390 "-" "Mozilla/4.0 (compatible; ms-office; MSOffice 16)"
192.168.10.19 - - [03/Dec/2025:14:15:38 +0100] "GET /firmas/facebook.png HTTP/1.1" 200 1394 "-" "Mozilla/4.0 (compatible; ms-office; MSOffice 16)"
192.168.10.9 - - [03/Dec/2025:14:15:38 +0100] "GET /firmas/twitter.png HTTP/1.1" 200 1678 "-" "Mozilla/4.0 (compatible; ms-office; MSOffice 16)"
192.168.10.19 - - [03/Dec/2025:14:15:38 +0100] "GET /firmas/youtube.png HTTP/1.1" 200 2157 "-" "Mozilla/4.0 (compatible; ms-office; MSOffice 16)"
192.168.10.9 - - [03/Dec/2025:14:15:43 +0100] "GET /basquetour-ofrece-nuevas-formaciones-en-octubre.htm HTTP/1.1" 200 31235 "-" "Mozilla/5.0 (compatible; Barkrowler/0.9; +https://babbar.tech/crawler)"
192.168.10.19 - - [03/Dec/2025:14:15:46 +0100] "GET /inicio.htm HTTP/1.1" 200 32786 "-" "Mozilla/5.0 (X11; Ubuntu; Linux x86_64; rv:72.0) Gecko/20100101 Firefox/72.0"
192.168.10.9 - - [03/Dec/2025:14:15:50 +0100] "GET / HTTP/1.1" 302 0 "-" "Mozilla/5.0 (X11; Ubuntu; Linux x86_64; rv:72.0) Gecko/20100101 Firefox/72.0"
192.168.10.19 - - [03/Dec/2025:14:15:52 +0100] "GET /hoy-celebramos-el-dia-internacional-del-euskara.htm?partekatu HTTP/1.1" 200 43995 "-" "facebookexternalhit/1.1 (+http://www.facebook.com/externalhit_uatext.php)"
192.168.10.19 - - [03/Dec/2025:14:15:52 +0100] "GET /hoy-celebramos-el-dia-internacional-del-euskara.htm?partekatu HTTP/1.1" 200 43995 "-" "facebookexternalhit/1.1 (+http://www.facebook.com/externalhit_uatext.php)"
192.168.10.9 - - [03/Dec/2025:14:15:52 +0100] "GET /hoy-celebramos-el-dia-internacional-del-euskara.htm?partekatu HTTP/1.1" 200 43995 "-" "facebookexternalhit/1.1 (+http://www.facebook.com/externalhit_uatext.php)"
192.168.10.19 - - [03/Dec/2025:14:15:54 +0100] "GET /hoy-celebramos-el-dia-internacional-del-euskara.htm HTTP/1.1" 200 44088 "-" "facebookexternalhit/1.1 (+http://www.facebook.com/externalhit_uatext.php)"
192.168.10.19 - - [03/Dec/2025:14:15:58 +0100] "GET /inicio.htm HTTP/1.1" 200 32752 "-" "Mozilla/5.0 (X11; Ubuntu; Linux x86_64; rv:72.0) Gecko/20100101 Firefox/72.0"
192.168.10.19 - - [03/Dec/2025:14:15:59 +0100] "GET /imagenes/noticias/web01-GV-euskara_eguna_25_es.png HTTP/1.1" 200 317521 "-" "facebookexternalhit/1.1 (+http://www.facebook.com/externalhit_uatext.php)"
192.168.10.19 - - [03/Dec/2025:14:16:06 +0100] "GET /hoy-celebramos-el-dia-internacional-del-euskara.htm?partekatu&fbclid=IwZXh0bgNhZW0CMTEAc3J0YwZhcHBfaWQMMjU2MjgxMDQwNTU4AAEep-A8AakRTeubFgS2OsnEy5hF1mI9GKST8t8SxLQbVqcF2MKTi64syQJKgfs_aem_De-IcDmcgVttKjEjAtKajQ HTTP/1.1" 200 43995 "http://m.facebook.com" "Mozilla/5.0 (Linux; Android 10; K) AppleWebKit/537.36 (KHTML, like Gecko) Chrome/142.0.0.0 Mobile Safari/537.36"
192.168.10.19 - - [03/Dec/2025:14:16:07 +0100] "GET /css/estiloak_02feb2022.css HTTP/1.1" 200 117892 "https://www.basquetour.eus/hoy-celebramos-el-dia-internacional-del-euskara.htm?partekatu&fbclid=IwZXh0bgNhZW0CMTEAc3J0YwZhcHBfaWQMMjU2MjgxMDQwNTU4AAEep-A8AakRTeubFgS2OsnEy5hF1mI9GKST8t8SxLQbVqcF2MKTi64syQJKgfs_aem_De-IcDmcgVttKjEjAtKajQ" "Mozilla/5.0 (Linux; Android 10; K) AppleWebKit/537.36 (KHTML, like Gecko) Chrome/142.0.0.0 Mobile Safari/537.36"
192.168.10.9 - - [03/Dec/2025:14:16:07 +0100] "GET /css/estiloak-indicadores.css HTTP/1.1" 200 2492 "https://www.basquetour.eus/hoy-celebramos-el-dia-internacional-del-euskara.htm?partekatu&fbclid=IwZXh0bgNhZW0CMTEAc3J0YwZhcHBfaWQMMjU2MjgxMDQwNTU4AAEep-A8AakRTeubFgS2OsnEy5hF1mI9GKST8t8SxLQbVqcF2MKTi64syQJKgfs_aem_De-IcDmcgVttKjEjAtKajQ" "Mozilla/5.0 (Linux; Android 10; K) AppleWebKit/537.36 (KHTML, like Gecko) Chrome/142.0.0.0 Mobile Safari/537.36"
192.168.10.19 - - [03/Dec/2025:14:16:07 +0100] "GET /jquery/jquery-2.2.0.js HTTP/1.1" 200 258388 "https://www.basquetour.eus/hoy-celebramos-el-dia-internacional-del-euskara.htm?partekatu&fbclid=IwZXh0bgNhZW0CMTEAc3J0YwZhcHBfaWQMMjU2MjgxMDQwNTU4AAEep-A8AakRTeubFgS2OsnEy5hF1mI9GKST8t8SxLQbVqcF2MKTi64syQJKgfs_aem_De-IcDmcgVttKjEjAtKajQ" "Mozilla/5.0 (Linux; Android 10; K) AppleWebKit/537.36 (KHTML, like Gecko) Chrome/142.0.0.0 Mobile Safari/537.36"
192.168.10.9 - - [03/Dec/2025:14:16:07 +0100] "GET /hoy-celebramos-el-dia-internacional-del-euskara.htm?fbclid=IwZXh0bgNhZW0CMTEAc3J0YwZhcHBfaWQMMjU2MjgxMDQwNTU4AAEe-B3gNVOhwV8D3sgG7AkG0umHnaJSE9FAxHL86jaJfKedYKVSSbSBl-N9Q6U_aem_sQzDmVRXyeBg1_FPMNaabw HTTP/1.1" 200 43995 "http://m.facebook.com" "Mozilla/5.0 (Linux; Android 10; K) AppleWebKit/537.36 (KHTML, like Gecko) Chrome/142.0.0.0 Mobile Safari/537.36"
192.168.10.9 - - [03/Dec/2025:14:16:07 +0100] "GET /jquery/bootstrap.min.js HTTP/1.1" 200 36868 "https://www.basquetour.eus/hoy-celebramos-el-dia-internacional-del-euskara.htm?partekatu&fbclid=IwZXh0bgNhZW0CMTEAc3J0YwZhcHBfaWQMMjU2MjgxMDQwNTU4AAEep-A8AakRTeubFgS2OsnEy5hF1mI9GKST8t8SxLQbVqcF2MKTi64syQJKgfs_aem_De-IcDmcgVttKjEjAtKajQ" "Mozilla/5.0 (Linux; Android 10; K) AppleWebKit/537.36 (KHTML, like Gecko) Chrome/142.0.0.0 Mobile Safari/537.36"
192.168.10.19 - - [03/Dec/2025:14:16:07 +0100] "GET /jquery/elementos.js HTTP/1.1" 200 16789 "https://www.basquetour.eus/hoy-celebramos-el-dia-internacional-del-euskara.htm?partekatu&fbclid=IwZXh0bgNhZW0CMTEAc3J0YwZhcHBfaWQMMjU2MjgxMDQwNTU4AAEep-A8AakRTeubFgS2OsnEy5hF1mI9GKST8t8SxLQbVqcF2MKTi64syQJKgfs_aem_De-IcDmcgVttKjEjAtKajQ" "Mozilla/5.0 (Linux; Android 10; K) AppleWebKit/537.36 (KHTML, like Gecko) Chrome/142.0.0.0 Mobile Safari/537.36"
192.168.10.9 - - [03/Dec/2025:14:16:07 +0100] "GET /css/redefinido.css HTTP/1.1" 200 1488 "https://www.basquetour.eus/css/estiloak_02feb2022.css" "Mozilla/5.0 (Linux; Android 10; K) AppleWebKit/537.36 (KHTML, like Gecko) Chrome/142.0.0.0 Mobile Safari/537.36"
192.168.10.19 - - [03/Dec/2025:14:16:08 +0100] "GET /css/estiloak-indicadores.css HTTP/1.1" 200 2492 "https://www.basquetour.eus/hoy-celebramos-el-dia-internacional-del-euskara.htm?fbclid=IwZXh0bgNhZW0CMTEAc3J0YwZhcHBfaWQMMjU2MjgxMDQwNTU4AAEe-B3gNVOhwV8D3sgG7AkG0umHnaJSE9FAxHL86jaJfKedYKVSSbSBl-N9Q6U_aem_sQzDmVRXyeBg1_FPMNaabw" "Mozilla/5.0 (Linux; Android 10; K) AppleWebKit/537.36 (KHTML, like Gecko) Chrome/142.0.0.0 Mobile Safari/537.36"
192.168.10.9 - - [03/Dec/2025:14:16:08 +0100] "GET /css/estiloak_02feb2022.css HTTP/1.1" 200 117892 "https://www.basquetour.eus/hoy-celebramos-el-dia-internacional-del-euskara.htm?fbclid=IwZXh0bgNhZW0CMTEAc3J0YwZhcHBfaWQMMjU2MjgxMDQwNTU4AAEe-B3gNVOhwV8D3sgG7AkG0umHnaJSE9FAxHL86jaJfKedYKVSSbSBl-N9Q6U_aem_sQzDmVRXyeBg1_FPMNaabw" "Mozilla/5.0 (Linux; Android 10; K) AppleWebKit/537.36 (KHTML, like Gecko) Chrome/142.0.0.0 Mobile Safari/537.36"
192.168.10.19 - - [03/Dec/2025:14:16:08 +0100] "GET /bootstrap-3.3.6/dist/css/bootstrap.min.css HTTP/1.1" 200 121260 "https://www.basquetour.eus/css/redefinido.css" "Mozilla/5.0 (Linux; Android 10; K) AppleWebKit/537.36 (KHTML, like Gecko) Chrome/142.0.0.0 Mobile Safari/537.36"
192.168.10.19 - - [03/Dec/2025:14:16:08 +0100] "GET /jquery/jquery-2.2.0.js HTTP/1.1" 200 258388 "https://www.basquetour.eus/hoy-celebramos-el-dia-internacional-del-euskara.htm?fbclid=IwZXh0bgNhZW0CMTEAc3J0YwZhcHBfaWQMMjU2MjgxMDQwNTU4AAEe-B3gNVOhwV8D3sgG7AkG0umHnaJSE9FAxHL86jaJfKedYKVSSbSBl-N9Q6U_aem_sQzDmVRXyeBg1_FPMNaabw" "Mozilla/5.0 (Linux; Android 10; K) AppleWebKit/537.36 (KHTML, like Gecko) Chrome/142.0.0.0 Mobile Safari/537.36"
192.168.10.19 - - [03/Dec/2025:14:16:08 +0100] "GET /images/ico_X.png HTTP/1.1" 200 2904 "https://www.basquetour.eus/hoy-celebramos-el-dia-internacional-del-euskara.htm?partekatu&fbclid=IwZXh0bgNhZW0CMTEAc3J0YwZhcHBfaWQMMjU2MjgxMDQwNTU4AAEep-A8AakRTeubFgS2OsnEy5hF1mI9GKST8t8SxLQbVqcF2MKTi64syQJKgfs_aem_De-IcDmcgVttKjEjAtKajQ" "Mozilla/5.0 (Linux; Android 10; K) AppleWebKit/537.36 (KHTML, like Gecko) Chrome/142.0.0.0 Mobile Safari/537.36"
192.168.10.9 - - [03/Dec/2025:14:16:08 +0100] "GET /images/ico_facebook.png HTTP/1.1" 200 3336 "https://www.basquetour.eus/hoy-celebramos-el-dia-internacional-del-euskara.htm?partekatu&fbclid=IwZXh0bgNhZW0CMTEAc3J0YwZhcHBfaWQMMjU2MjgxMDQwNTU4AAEep-A8AakRTeubFgS2OsnEy5hF1mI9GKST8t8SxLQbVqcF2MKTi64syQJKgfs_aem_De-IcDmcgVttKjEjAtKajQ" "Mozilla/5.0 (Linux; Android 10; K) AppleWebKit/537.36 (KHTML, like Gecko) Chrome/142.0.0.0 Mobile Safari/537.36"
192.168.10.9 - - [03/Dec/2025:14:16:08 +0100] "GET /images/ico_youtube.png HTTP/1.1" 200 3862 "https://www.basquetour.eus/hoy-celebramos-el-dia-internacional-del-euskara.htm?partekatu&fbclid=IwZXh0bgNhZW0CMTEAc3J0YwZhcHBfaWQMMjU2MjgxMDQwNTU4AAEep-A8AakRTeubFgS2OsnEy5hF1mI9GKST8t8SxLQbVqcF2MKTi64syQJKgfs_aem_De-IcDmcgVttKjEjAtKajQ" "Mozilla/5.0 (Linux; Android 10; K) AppleWebKit/537.36 (KHTML, like Gecko) Chrome/142.0.0.0 Mobile Safari/537.36"
192.168.10.19 - - [03/Dec/2025:14:16:08 +0100] "GET /css/images_css/foto_siguiente.png HTTP/1.1" 200 15681 "https://www.basquetour.eus/css/estiloak_02feb2022.css" "Mozilla/5.0 (Linux; Android 10; K) AppleWebKit/537.36 (KHTML, like Gecko) Chrome/142.0.0.0 Mobile Safari/537.36"
192.168.10.19 - - [03/Dec/2025:14:16:08 +0100] "GET /jquery/bootstrap.min.js HTTP/1.1" 200 36868 "https://www.basquetour.eus/hoy-celebramos-el-dia-internacional-del-euskara.htm?fbclid=IwZXh0bgNhZW0CMTEAc3J0YwZhcHBfaWQMMjU2MjgxMDQwNTU4AAEe-B3gNVOhwV8D3sgG7AkG0umHnaJSE9FAxHL86jaJfKedYKVSSbSBl-N9Q6U_aem_sQzDmVRXyeBg1_FPMNaabw" "Mozilla/5.0 (Linux; Android 10; K) AppleWebKit/537.36 (KHTML, like Gecko) Chrome/142.0.0.0 Mobile Safari/537.36"
192.168.10.19 - - [03/Dec/2025:14:16:08 +0100] "GET /images/ico_linkedin.png HTTP/1.1" 200 1129 "https://www.basquetour.eus/hoy-celebramos-el-dia-internacional-del-euskara.htm?partekatu&fbclid=IwZXh0bgNhZW0CMTEAc3J0YwZhcHBfaWQMMjU2MjgxMDQwNTU4AAEep-A8AakRTeubFgS2OsnEy5hF1mI9GKST8t8SxLQbVqcF2MKTi64syQJKgfs_aem_De-IcDmcgVttKjEjAtKajQ" "Mozilla/5.0 (Linux; Android 10; K) AppleWebKit/537.36 (KHTML, like Gecko) Chrome/142.0.0.0 Mobile Safari/537.36"
192.168.10.9 - - [03/Dec/2025:14:16:08 +0100] "GET /images/Logo_GobiernoVasco.png HTTP/1.1" 200 24115 "https://www.basquetour.eus/hoy-celebramos-el-dia-internacional-del-euskara.htm?partekatu&fbclid=IwZXh0bgNhZW0CMTEAc3J0YwZhcHBfaWQMMjU2MjgxMDQwNTU4AAEep-A8AakRTeubFgS2OsnEy5hF1mI9GKST8t8SxLQbVqcF2MKTi64syQJKgfs_aem_De-IcDmcgVttKjEjAtKajQ" "Mozilla/5.0 (Linux; Android 10; K) AppleWebKit/537.36 (KHTML, like Gecko) Chrome/142.0.0.0 Mobile Safari/537.36"
192.168.10.19 - - [03/Dec/2025:14:16:08 +0100] "GET /images/logotipo.jpg HTTP/1.1" 200 35077 "https://www.basquetour.eus/hoy-celebramos-el-dia-internacional-del-euskara.htm?partekatu&fbclid=IwZXh0bgNhZW0CMTEAc3J0YwZhcHBfaWQMMjU2MjgxMDQwNTU4AAEep-A8AakRTeubFgS2OsnEy5hF1mI9GKST8t8SxLQbVqcF2MKTi64syQJKgfs_aem_De-IcDmcgVttKjEjAtKajQ" "Mozilla/5.0 (Linux; Android 10; K) AppleWebKit/537.36 (KHTML, like Gecko) Chrome/142.0.0.0 Mobile Safari/537.36"
192.168.10.9 - - [03/Dec/2025:14:16:08 +0100] "GET /images/Logo_UNWTO.png HTTP/1.1" 200 11860 "https://www.basquetour.eus/hoy-celebramos-el-dia-internacional-del-euskara.htm?partekatu&fbclid=IwZXh0bgNhZW0CMTEAc3J0YwZhcHBfaWQMMjU2MjgxMDQwNTU4AAEep-A8AakRTeubFgS2OsnEy5hF1mI9GKST8t8SxLQbVqcF2MKTi64syQJKgfs_aem_De-IcDmcgVttKjEjAtKajQ" "Mozilla/5.0 (Linux; Android 10; K) AppleWebKit/537.36 (KHTML, like Gecko) Chrome/142.0.0.0 Mobile Safari/537.36"
192.168.10.19 - - [03/Dec/2025:14:16:09 +0100] "GET /images/ico_whatsapp.png HTTP/1.1" 200 4004 "https://www.basquetour.eus/hoy-celebramos-el-dia-internacional-del-euskara.htm?partekatu&fbclid=IwZXh0bgNhZW0CMTEAc3J0YwZhcHBfaWQMMjU2MjgxMDQwNTU4AAEep-A8AakRTeubFgS2OsnEy5hF1mI9GKST8t8SxLQbVqcF2MKTi64syQJKgfs_aem_De-IcDmcgVttKjEjAtKajQ" "Mozilla/5.0 (Linux; Android 10; K) AppleWebKit/537.36 (KHTML, like Gecko) Chrome/142.0.0.0 Mobile Safari/537.36"
192.168.10.19 - - [03/Dec/2025:14:16:09 +0100] "GET /images/ico_pinterest.png HTTP/1.1" 200 1343 "https://www.basquetour.eus/hoy-celebramos-el-dia-internacional-del-euskara.htm?partekatu&fbclid=IwZXh0bgNhZW0CMTEAc3J0YwZhcHBfaWQMMjU2MjgxMDQwNTU4AAEep-A8AakRTeubFgS2OsnEy5hF1mI9GKST8t8SxLQbVqcF2MKTi64syQJKgfs_aem_De-IcDmcgVttKjEjAtKajQ" "Mozilla/5.0 (Linux; Android 10; K) AppleWebKit/537.36 (KHTML, like Gecko) Chrome/142.0.0.0 Mobile Safari/537.36"
192.168.10.9 - - [03/Dec/2025:14:16:09 +0100] "GET /images/ico_correo.png HTTP/1.1" 200 1075 "https://www.basquetour.eus/hoy-celebramos-el-dia-internacional-del-euskara.htm?partekatu&fbclid=IwZXh0bgNhZW0CMTEAc3J0YwZhcHBfaWQMMjU2MjgxMDQwNTU4AAEep-A8AakRTeubFgS2OsnEy5hF1mI9GKST8t8SxLQbVqcF2MKTi64syQJKgfs_aem_De-IcDmcgVttKjEjAtKajQ" "Mozilla/5.0 (Linux; Android 10; K) AppleWebKit/537.36 (KHTML, like Gecko) Chrome/142.0.0.0 Mobile Safari/537.36"
192.168.10.19 - - [03/Dec/2025:14:16:09 +0100] "GET /imagenes/noticias/web01-GV-euskara_eguna_25_es.png HTTP/1.1" 200 317521 "https://www.basquetour.eus/hoy-celebramos-el-dia-internacional-del-euskara.htm?partekatu&fbclid=IwZXh0bgNhZW0CMTEAc3J0YwZhcHBfaWQMMjU2MjgxMDQwNTU4AAEep-A8AakRTeubFgS2OsnEy5hF1mI9GKST8t8SxLQbVqcF2MKTi64syQJKgfs_aem_De-IcDmcgVttKjEjAtKajQ" "Mozilla/5.0 (Linux; Android 10; K) AppleWebKit/537.36 (KHTML, like Gecko) Chrome/142.0.0.0 Mobile Safari/537.36"
192.168.10.9 - - [03/Dec/2025:14:16:09 +0100] "GET /hoy-celebramos-el-dia-internacional-del-euskara.htm?partekatu&fbclid=IwZXh0bgNhZW0CMTEAc3J0YwZhcHBfaWQMMjU2MjgxMDQwNTU4AAEeHURHsIrlhhAJVsHB1JqD4VwY1fz6cAm74Oio81O24oDs2lPrk37N1FybnXY_aem_zgVwbngcC-_JWwc_H89iLA HTTP/1.1" 200 43995 "http://m.facebook.com" "Mozilla/5.0 (Linux; Android 10; K) AppleWebKit/537.36 (KHTML, like Gecko) Chrome/142.0.0.0 Mobile Safari/537.36"
192.168.10.9 - - [03/Dec/2025:14:16:09 +0100] "GET /css/images_css/ico_doc.png HTTP/1.1" 200 18145 "https://www.basquetour.eus/hoy-celebramos-el-dia-internacional-del-euskara.htm?partekatu&fbclid=IwZXh0bgNhZW0CMTEAc3J0YwZhcHBfaWQMMjU2MjgxMDQwNTU4AAEep-A8AakRTeubFgS2OsnEy5hF1mI9GKST8t8SxLQbVqcF2MKTi64syQJKgfs_aem_De-IcDmcgVttKjEjAtKajQ" "Mozilla/5.0 (Linux; Android 10; K) AppleWebKit/537.36 (KHTML, like Gecko) Chrome/142.0.0.0 Mobile Safari/537.36"
192.168.10.19 - - [03/Dec/2025:14:16:09 +0100] "GET /jquery/elementos.js HTTP/1.1" 200 16789 "https://www.basquetour.eus/hoy-celebramos-el-dia-internacional-del-euskara.htm?fbclid=IwZXh0bgNhZW0CMTEAc3J0YwZhcHBfaWQMMjU2MjgxMDQwNTU4AAEe-B3gNVOhwV8D3sgG7AkG0umHnaJSE9FAxHL86jaJfKedYKVSSbSBl-N9Q6U_aem_sQzDmVRXyeBg1_FPMNaabw" "Mozilla/5.0 (Linux; Android 10; K) AppleWebKit/537.36 (KHTML, like Gecko) Chrome/142.0.0.0 Mobile Safari/537.36"
192.168.10.9 - - [03/Dec/2025:14:16:09 +0100] "GET /images/ico_X.png HTTP/1.1" 200 2904 "https://www.basquetour.eus/hoy-celebramos-el-dia-internacional-del-euskara.htm?fbclid=IwZXh0bgNhZW0CMTEAc3J0YwZhcHBfaWQMMjU2MjgxMDQwNTU4AAEe-B3gNVOhwV8D3sgG7AkG0umHnaJSE9FAxHL86jaJfKedYKVSSbSBl-N9Q6U_aem_sQzDmVRXyeBg1_FPMNaabw" "Mozilla/5.0 (Linux; Android 10; K) AppleWebKit/537.36 (KHTML, like Gecko) Chrome/142.0.0.0 Mobile Safari/537.36"
192.168.10.9 - - [03/Dec/2025:14:16:09 +0100] "GET /images/ico_facebook.png HTTP/1.1" 200 3336 "https://www.basquetour.eus/hoy-celebramos-el-dia-internacional-del-euskara.htm?fbclid=IwZXh0bgNhZW0CMTEAc3J0YwZhcHBfaWQMMjU2MjgxMDQwNTU4AAEe-B3gNVOhwV8D3sgG7AkG0umHnaJSE9FAxHL86jaJfKedYKVSSbSBl-N9Q6U_aem_sQzDmVRXyeBg1_FPMNaabw" "Mozilla/5.0 (Linux; Android 10; K) AppleWebKit/537.36 (KHTML, like Gecko) Chrome/142.0.0.0 Mobile Safari/537.36"
192.168.10.9 - - [03/Dec/2025:14:16:09 +0100] "GET /css/images_css/volver.png HTTP/1.1" 200 2545 "https://www.basquetour.eus/hoy-celebramos-el-dia-internacional-del-euskara.htm?partekatu&fbclid=IwZXh0bgNhZW0CMTEAc3J0YwZhcHBfaWQMMjU2MjgxMDQwNTU4AAEep-A8AakRTeubFgS2OsnEy5hF1mI9GKST8t8SxLQbVqcF2MKTi64syQJKgfs_aem_De-IcDmcgVttKjEjAtKajQ" "Mozilla/5.0 (Linux; Android 10; K) AppleWebKit/537.36 (KHTML, like Gecko) Chrome/142.0.0.0 Mobile Safari/537.36"
192.168.10.19 - - [03/Dec/2025:14:16:09 +0100] "GET /imagenes/banners/ico-agenda.jpg HTTP/1.1" 200 54679 "https://www.basquetour.eus/hoy-celebramos-el-dia-internacional-del-euskara.htm?partekatu&fbclid=IwZXh0bgNhZW0CMTEAc3J0YwZhcHBfaWQMMjU2MjgxMDQwNTU4AAEep-A8AakRTeubFgS2OsnEy5hF1mI9GKST8t8SxLQbVqcF2MKTi64syQJKgfs_aem_De-IcDmcgVttKjEjAtKajQ" "Mozilla/5.0 (Linux; Android 10; K) AppleWebKit/537.36 (KHTML, like Gecko) Chrome/142.0.0.0 Mobile Safari/537.36"
192.168.10.9 - - [03/Dec/2025:14:16:09 +0100] "GET /imagenes/banners/ico-estudios.jpg HTTP/1.1" 200 57748 "https://www.basquetour.eus/hoy-celebramos-el-dia-internacional-del-euskara.htm?partekatu&fbclid=IwZXh0bgNhZW0CMTEAc3J0YwZhcHBfaWQMMjU2MjgxMDQwNTU4AAEep-A8AakRTeubFgS2OsnEy5hF1mI9GKST8t8SxLQbVqcF2MKTi64syQJKgfs_aem_De-IcDmcgVttKjEjAtKajQ" "Mozilla/5.0 (Linux; Android 10; K) AppleWebKit/537.36 (KHTML, like Gecko) Chrome/142.0.0.0 Mobile Safari/537.36"
192.168.10.19 - - [03/Dec/2025:14:16:09 +0100] "GET /css/estiloak-indicadores.css HTTP/1.1" 200 2492 "https://www.basquetour.eus/hoy-celebramos-el-dia-internacional-del-euskara.htm?partekatu&fbclid=IwZXh0bgNhZW0CMTEAc3J0YwZhcHBfaWQMMjU2MjgxMDQwNTU4AAEeHURHsIrlhhAJVsHB1JqD4VwY1fz6cAm74Oio81O24oDs2lPrk37N1FybnXY_aem_zgVwbngcC-_JWwc_H89iLA" "Mozilla/5.0 (Linux; Android 10; K) AppleWebKit/537.36 (KHTML, like Gecko) Chrome/142.0.0.0 Mobile Safari/537.36"
192.168.10.9 - - [03/Dec/2025:14:16:09 +0100] "GET /css/estiloak_02feb2022.css HTTP/1.1" 200 117892 "https://www.basquetour.eus/hoy-celebramos-el-dia-internacional-del-euskara.htm?partekatu&fbclid=IwZXh0bgNhZW0CMTEAc3J0YwZhcHBfaWQMMjU2MjgxMDQwNTU4AAEeHURHsIrlhhAJVsHB1JqD4VwY1fz6cAm74Oio81O24oDs2lPrk37N1FybnXY_aem_zgVwbngcC-_JWwc_H89iLA" "Mozilla/5.0 (Linux; Android 10; K) AppleWebKit/537.36 (KHTML, like Gecko) Chrome/142.0.0.0 Mobile Safari/537.36"
192.168.10.19 - - [03/Dec/2025:14:16:09 +0100] "GET /imagenes/banners/ico-organiza-tu-evento.jpg HTTP/1.1" 200 69673 "https://www.basquetour.eus/hoy-celebramos-el-dia-internacional-del-euskara.htm?partekatu&fbclid=IwZXh0bgNhZW0CMTEAc3J0YwZhcHBfaWQMMjU2MjgxMDQwNTU4AAEep-A8AakRTeubFgS2OsnEy5hF1mI9GKST8t8SxLQbVqcF2MKTi64syQJKgfs_aem_De-IcDmcgVttKjEjAtKajQ" "Mozilla/5.0 (Linux; Android 10; K) AppleWebKit/537.36 (KHTML, like Gecko) Chrome/142.0.0.0 Mobile Safari/537.36"
192.168.10.19 - - [03/Dec/2025:14:16:09 +0100] "GET /jquery/jquery-2.2.0.js HTTP/1.1" 200 258388 "https://www.basquetour.eus/hoy-celebramos-el-dia-internacional-del-euskara.htm?partekatu&fbclid=IwZXh0bgNhZW0CMTEAc3J0YwZhcHBfaWQMMjU2MjgxMDQwNTU4AAEeHURHsIrlhhAJVsHB1JqD4VwY1fz6cAm74Oio81O24oDs2lPrk37N1FybnXY_aem_zgVwbngcC-_JWwc_H89iLA" "Mozilla/5.0 (Linux; Android 10; K) AppleWebKit/537.36 (KHTML, like Gecko) Chrome/142.0.0.0 Mobile Safari/537.36"
192.168.10.19 - - [03/Dec/2025:14:16:09 +0100] "GET /imagenes/banners/ico-transparencia.jpg HTTP/1.1" 200 71270 "https://www.basquetour.eus/hoy-celebramos-el-dia-internacional-del-euskara.htm?partekatu&fbclid=IwZXh0bgNhZW0CMTEAc3J0YwZhcHBfaWQMMjU2MjgxMDQwNTU4AAEep-A8AakRTeubFgS2OsnEy5hF1mI9GKST8t8SxLQbVqcF2MKTi64syQJKgfs_aem_De-IcDmcgVttKjEjAtKajQ" "Mozilla/5.0 (Linux; Android 10; K) AppleWebKit/537.36 (KHTML, like Gecko) Chrome/142.0.0.0 Mobile Safari/537.36"
192.168.10.9 - - [03/Dec/2025:14:16:10 +0100] "GET /imagenes/banners/BOTW_BADGE_BLACK_TEXT_2026-02.png HTTP/1.1" 200 49154 "https://www.basquetour.eus/hoy-celebramos-el-dia-internacional-del-euskara.htm?partekatu&fbclid=IwZXh0bgNhZW0CMTEAc3J0YwZhcHBfaWQMMjU2MjgxMDQwNTU4AAEep-A8AakRTeubFgS2OsnEy5hF1mI9GKST8t8SxLQbVqcF2MKTi64syQJKgfs_aem_De-IcDmcgVttKjEjAtKajQ" "Mozilla/5.0 (Linux; Android 10; K) AppleWebKit/537.36 (KHTML, like Gecko) Chrome/142.0.0.0 Mobile Safari/537.36"
192.168.10.9 - - [03/Dec/2025:14:16:10 +0100] "GET /images/ico_youtube.png HTTP/1.1" 200 3862 "https://www.basquetour.eus/hoy-celebramos-el-dia-internacional-del-euskara.htm?fbclid=IwZXh0bgNhZW0CMTEAc3J0YwZhcHBfaWQMMjU2MjgxMDQwNTU4AAEe-B3gNVOhwV8D3sgG7AkG0umHnaJSE9FAxHL86jaJfKedYKVSSbSBl-N9Q6U_aem_sQzDmVRXyeBg1_FPMNaabw" "Mozilla/5.0 (Linux; Android 10; K) AppleWebKit/537.36 (KHTML, like Gecko) Chrome/142.0.0.0 Mobile Safari/537.36"
192.168.10.19 - - [03/Dec/2025:14:16:10 +0100] "GET /css/redefinido.css HTTP/1.1" 200 1488 "https://www.basquetour.eus/css/estiloak_02feb2022.css" "Mozilla/5.0 (Linux; Android 10; K) AppleWebKit/537.36 (KHTML, like Gecko) Chrome/142.0.0.0 Mobile Safari/537.36"
192.168.10.9 - - [03/Dec/2025:14:16:10 +0100] "GET /images/ico_linkedin.png HTTP/1.1" 200 1129 "https://www.basquetour.eus/hoy-celebramos-el-dia-internacional-del-euskara.htm?fbclid=IwZXh0bgNhZW0CMTEAc3J0YwZhcHBfaWQMMjU2MjgxMDQwNTU4AAEe-B3gNVOhwV8D3sgG7AkG0umHnaJSE9FAxHL86jaJfKedYKVSSbSBl-N9Q6U_aem_sQzDmVRXyeBg1_FPMNaabw" "Mozilla/5.0 (Linux; Android 10; K) AppleWebKit/537.36 (KHTML, like Gecko) Chrome/142.0.0.0 Mobile Safari/537.36"
192.168.10.9 - - [03/Dec/2025:14:16:10 +0100] "GET /images/basque_country.png HTTP/1.1" 200 7543 "https://www.basquetour.eus/hoy-celebramos-el-dia-internacional-del-euskara.htm?partekatu&fbclid=IwZXh0bgNhZW0CMTEAc3J0YwZhcHBfaWQMMjU2MjgxMDQwNTU4AAEep-A8AakRTeubFgS2OsnEy5hF1mI9GKST8t8SxLQbVqcF2MKTi64syQJKgfs_aem_De-IcDmcgVttKjEjAtKajQ" "Mozilla/5.0 (Linux; Android 10; K) AppleWebKit/537.36 (KHTML, like Gecko) Chrome/142.0.0.0 Mobile Safari/537.36"
192.168.10.9 - - [03/Dec/2025:14:16:10 +0100] "GET /jquery/bootstrap.min.js HTTP/1.1" 200 36868 "https://www.basquetour.eus/hoy-celebramos-el-dia-internacional-del-euskara.htm?partekatu&fbclid=IwZXh0bgNhZW0CMTEAc3J0YwZhcHBfaWQMMjU2MjgxMDQwNTU4AAEeHURHsIrlhhAJVsHB1JqD4VwY1fz6cAm74Oio81O24oDs2lPrk37N1FybnXY_aem_zgVwbngcC-_JWwc_H89iLA" "Mozilla/5.0 (Linux; Android 10; K) AppleWebKit/537.36 (KHTML, like Gecko) Chrome/142.0.0.0 Mobile Safari/537.36"
192.168.10.19 - - [03/Dec/2025:14:16:10 +0100] "GET /images/Logo_GobiernoVasco.png HTTP/1.1" 200 24115 "https://www.basquetour.eus/hoy-celebramos-el-dia-internacional-del-euskara.htm?fbclid=IwZXh0bgNhZW0CMTEAc3J0YwZhcHBfaWQMMjU2MjgxMDQwNTU4AAEe-B3gNVOhwV8D3sgG7AkG0umHnaJSE9FAxHL86jaJfKedYKVSSbSBl-N9Q6U_aem_sQzDmVRXyeBg1_FPMNaabw" "Mozilla/5.0 (Linux; Android 10; K) AppleWebKit/537.36 (KHTML, like Gecko) Chrome/142.0.0.0 Mobile Safari/537.36"
192.168.10.9 - - [03/Dec/2025:14:16:10 +0100] "GET /bootstrap-3.3.6/dist/css/bootstrap.min.css HTTP/1.1" 200 121260 "https://www.basquetour.eus/css/redefinido.css" "Mozilla/5.0 (Linux; Android 10; K) AppleWebKit/537.36 (KHTML, like Gecko) Chrome/142.0.0.0 Mobile Safari/537.36"
192.168.10.19 - - [03/Dec/2025:14:16:10 +0100] "GET /images/ico_facebook.png HTTP/1.1" 200 3336 "https://www.basquetour.eus/hoy-celebramos-el-dia-internacional-del-euskara.htm?partekatu&fbclid=IwZXh0bgNhZW0CMTEAc3J0YwZhcHBfaWQMMjU2MjgxMDQwNTU4AAEeHURHsIrlhhAJVsHB1JqD4VwY1fz6cAm74Oio81O24oDs2lPrk37N1FybnXY_aem_zgVwbngcC-_JWwc_H89iLA" "Mozilla/5.0 (Linux; Android 10; K) AppleWebKit/537.36 (KHTML, like Gecko) Chrome/142.0.0.0 Mobile Safari/537.36"
192.168.10.9 - - [03/Dec/2025:14:16:10 +0100] "GET /jquery/elementos.js HTTP/1.1" 200 16789 "https://www.basquetour.eus/hoy-celebramos-el-dia-internacional-del-euskara.htm?partekatu&fbclid=IwZXh0bgNhZW0CMTEAc3J0YwZhcHBfaWQMMjU2MjgxMDQwNTU4AAEeHURHsIrlhhAJVsHB1JqD4VwY1fz6cAm74Oio81O24oDs2lPrk37N1FybnXY_aem_zgVwbngcC-_JWwc_H89iLA" "Mozilla/5.0 (Linux; Android 10; K) AppleWebKit/537.36 (KHTML, like Gecko) Chrome/142.0.0.0 Mobile Safari/537.36"
192.168.10.19 - - [03/Dec/2025:14:16:10 +0100] "GET /images/ico_X.png HTTP/1.1" 200 2904 "https://www.basquetour.eus/hoy-celebramos-el-dia-internacional-del-euskara.htm?partekatu&fbclid=IwZXh0bgNhZW0CMTEAc3J0YwZhcHBfaWQMMjU2MjgxMDQwNTU4AAEeHURHsIrlhhAJVsHB1JqD4VwY1fz6cAm74Oio81O24oDs2lPrk37N1FybnXY_aem_zgVwbngcC-_JWwc_H89iLA" "Mozilla/5.0 (Linux; Android 10; K) AppleWebKit/537.36 (KHTML, like Gecko) Chrome/142.0.0.0 Mobile Safari/537.36"
192.168.10.9 - - [03/Dec/2025:14:16:11 +0100] "GET /hoy-celebramos-el-dia-internacional-del-euskara.htm?fbclid=IwZXh0bgNhZW0CMTEAc3J0YwZhcHBfaWQMMjU2MjgxMDQwNTU4AAEe1xpYEtal8_s-lxKLDHlKzwDcy4Cb696lnA1W46CQPDXztyc1xbpeKFRASzU_aem_Q40VI5DbEknk_-7Yk5f4dA HTTP/1.1" 200 43995 "http://m.facebook.com" "Mozilla/5.0 (Linux; Android 10; K) AppleWebKit/537.36 (KHTML, like Gecko) Chrome/142.0.0.0 Mobile Safari/537.36"
192.168.10.9 - - [03/Dec/2025:14:16:11 +0100] "GET /images/ico_linkedin.png HTTP/1.1" 200 1129 "https://www.basquetour.eus/hoy-celebramos-el-dia-internacional-del-euskara.htm?partekatu&fbclid=IwZXh0bgNhZW0CMTEAc3J0YwZhcHBfaWQMMjU2MjgxMDQwNTU4AAEeHURHsIrlhhAJVsHB1JqD4VwY1fz6cAm74Oio81O24oDs2lPrk37N1FybnXY_aem_zgVwbngcC-_JWwc_H89iLA" "Mozilla/5.0 (Linux; Android 10; K) AppleWebKit/537.36 (KHTML, like Gecko) Chrome/142.0.0.0 Mobile Safari/537.36"
192.168.10.9 - - [03/Dec/2025:14:16:11 +0100] "GET /images/ico_youtube.png HTTP/1.1" 200 3862 "https://www.basquetour.eus/hoy-celebramos-el-dia-internacional-del-euskara.htm?partekatu&fbclid=IwZXh0bgNhZW0CMTEAc3J0YwZhcHBfaWQMMjU2MjgxMDQwNTU4AAEeHURHsIrlhhAJVsHB1JqD4VwY1fz6cAm74Oio81O24oDs2lPrk37N1FybnXY_aem_zgVwbngcC-_JWwc_H89iLA" "Mozilla/5.0 (Linux; Android 10; K) AppleWebKit/537.36 (KHTML, like Gecko) Chrome/142.0.0.0 Mobile Safari/537.36"
192.168.10.19 - - [03/Dec/2025:14:16:11 +0100] "GET /css/redefinido.css HTTP/1.1" 200 1488 "https://www.basquetour.eus/css/estiloak_02feb2022.css" "Mozilla/5.0 (Linux; Android 10; K) AppleWebKit/537.36 (KHTML, like Gecko) Chrome/142.0.0.0 Mobile Safari/537.36"
192.168.10.19 - - [03/Dec/2025:14:16:11 +0100] "GET /images/logotipo.jpg HTTP/1.1" 200 35077 "https://www.basquetour.eus/hoy-celebramos-el-dia-internacional-del-euskara.htm?fbclid=IwZXh0bgNhZW0CMTEAc3J0YwZhcHBfaWQMMjU2MjgxMDQwNTU4AAEe-B3gNVOhwV8D3sgG7AkG0umHnaJSE9FAxHL86jaJfKedYKVSSbSBl-N9Q6U_aem_sQzDmVRXyeBg1_FPMNaabw" "Mozilla/5.0 (Linux; Android 10; K) AppleWebKit/537.36 (KHTML, like Gecko) Chrome/142.0.0.0 Mobile Safari/537.36"
192.168.10.9 - - [03/Dec/2025:14:16:11 +0100] "GET /images/Logo_GobiernoVasco.png HTTP/1.1" 200 24115 "https://www.basquetour.eus/hoy-celebramos-el-dia-internacional-del-euskara.htm?partekatu&fbclid=IwZXh0bgNhZW0CMTEAc3J0YwZhcHBfaWQMMjU2MjgxMDQwNTU4AAEeHURHsIrlhhAJVsHB1JqD4VwY1fz6cAm74Oio81O24oDs2lPrk37N1FybnXY_aem_zgVwbngcC-_JWwc_H89iLA" "Mozilla/5.0 (Linux; Android 10; K) AppleWebKit/537.36 (KHTML, like Gecko) Chrome/142.0.0.0 Mobile Safari/537.36"
192.168.10.9 - - [03/Dec/2025:14:16:11 +0100] "GET /bootstrap-3.3.6/dist/css/bootstrap.min.css HTTP/1.1" 200 121260 "https://www.basquetour.eus/css/redefinido.css" "Mozilla/5.0 (Linux; Android 10; K) AppleWebKit/537.36 (KHTML, like Gecko) Chrome/142.0.0.0 Mobile Safari/537.36"
192.168.10.19 - - [03/Dec/2025:14:16:12 +0100] "GET /css/estiloak-indicadores.css HTTP/1.1" 200 2492 "https://www.basquetour.eus/hoy-celebramos-el-dia-internacional-del-euskara.htm?fbclid=IwZXh0bgNhZW0CMTEAc3J0YwZhcHBfaWQMMjU2MjgxMDQwNTU4AAEe1xpYEtal8_s-lxKLDHlKzwDcy4Cb696lnA1W46CQPDXztyc1xbpeKFRASzU_aem_Q40VI5DbEknk_-7Yk5f4dA" "Mozilla/5.0 (Linux; Android 10; K) AppleWebKit/537.36 (KHTML, like Gecko) Chrome/142.0.0.0 Mobile Safari/537.36"
192.168.10.9 - - [03/Dec/2025:14:16:12 +0100] "GET /css/estiloak_02feb2022.css HTTP/1.1" 200 117892 "https://www.basquetour.eus/hoy-celebramos-el-dia-internacional-del-euskara.htm?fbclid=IwZXh0bgNhZW0CMTEAc3J0YwZhcHBfaWQMMjU2MjgxMDQwNTU4AAEe1xpYEtal8_s-lxKLDHlKzwDcy4Cb696lnA1W46CQPDXztyc1xbpeKFRASzU_aem_Q40VI5DbEknk_-7Yk5f4dA" "Mozilla/5.0 (Linux; Android 10; K) AppleWebKit/537.36 (KHTML, like Gecko) Chrome/142.0.0.0 Mobile Safari/537.36"
192.168.10.19 - - [03/Dec/2025:14:16:12 +0100] "GET /images/Logo_UNWTO.png HTTP/1.1" 200 11860 "https://www.basquetour.eus/hoy-celebramos-el-dia-internacional-del-euskara.htm?fbclid=IwZXh0bgNhZW0CMTEAc3J0YwZhcHBfaWQMMjU2MjgxMDQwNTU4AAEe-B3gNVOhwV8D3sgG7AkG0umHnaJSE9FAxHL86jaJfKedYKVSSbSBl-N9Q6U_aem_sQzDmVRXyeBg1_FPMNaabw" "Mozilla/5.0 (Linux; Android 10; K) AppleWebKit/537.36 (KHTML, like Gecko) Chrome/142.0.0.0 Mobile Safari/537.36"
192.168.10.19 - - [03/Dec/2025:14:16:12 +0100] "GET /images/ico_whatsapp.png HTTP/1.1" 200 4004 "https://www.basquetour.eus/hoy-celebramos-el-dia-internacional-del-euskara.htm?fbclid=IwZXh0bgNhZW0CMTEAc3J0YwZhcHBfaWQMMjU2MjgxMDQwNTU4AAEe-B3gNVOhwV8D3sgG7AkG0umHnaJSE9FAxHL86jaJfKedYKVSSbSBl-N9Q6U_aem_sQzDmVRXyeBg1_FPMNaabw" "Mozilla/5.0 (Linux; Android 10; K) AppleWebKit/537.36 (KHTML, like Gecko) Chrome/142.0.0.0 Mobile Safari/537.36"
192.168.10.19 - - [03/Dec/2025:14:16:12 +0100] "GET /images/ico_pinterest.png HTTP/1.1" 200 1343 "https://www.basquetour.eus/hoy-celebramos-el-dia-internacional-del-euskara.htm?fbclid=IwZXh0bgNhZW0CMTEAc3J0YwZhcHBfaWQMMjU2MjgxMDQwNTU4AAEe-B3gNVOhwV8D3sgG7AkG0umHnaJSE9FAxHL86jaJfKedYKVSSbSBl-N9Q6U_aem_sQzDmVRXyeBg1_FPMNaabw" "Mozilla/5.0 (Linux; Android 10; K) AppleWebKit/537.36 (KHTML, like Gecko) Chrome/142.0.0.0 Mobile Safari/537.36"
192.168.10.9 - - [03/Dec/2025:14:16:12 +0100] "GET /jquery/jquery-2.2.0.js HTTP/1.1" 200 258388 "https://www.basquetour.eus/hoy-celebramos-el-dia-internacional-del-euskara.htm?fbclid=IwZXh0bgNhZW0CMTEAc3J0YwZhcHBfaWQMMjU2MjgxMDQwNTU4AAEe1xpYEtal8_s-lxKLDHlKzwDcy4Cb696lnA1W46CQPDXztyc1xbpeKFRASzU_aem_Q40VI5DbEknk_-7Yk5f4dA" "Mozilla/5.0 (Linux; Android 10; K) AppleWebKit/537.36 (KHTML, like Gecko) Chrome/142.0.0.0 Mobile Safari/537.36"
192.168.10.9 - - [03/Dec/2025:14:16:12 +0100] "GET /images/logotipo.jpg HTTP/1.1" 200 35077 "https://www.basquetour.eus/hoy-celebramos-el-dia-internacional-del-euskara.htm?partekatu&fbclid=IwZXh0bgNhZW0CMTEAc3J0YwZhcHBfaWQMMjU2MjgxMDQwNTU4AAEeHURHsIrlhhAJVsHB1JqD4VwY1fz6cAm74Oio81O24oDs2lPrk37N1FybnXY_aem_zgVwbngcC-_JWwc_H89iLA" "Mozilla/5.0 (Linux; Android 10; K) AppleWebKit/537.36 (KHTML, like Gecko) Chrome/142.0.0.0 Mobile Safari/537.36"
192.168.10.19 - - [03/Dec/2025:14:16:12 +0100] "GET /jquery/bootstrap.min.js HTTP/1.1" 200 36868 "https://www.basquetour.eus/hoy-celebramos-el-dia-internacional-del-euskara.htm?fbclid=IwZXh0bgNhZW0CMTEAc3J0YwZhcHBfaWQMMjU2MjgxMDQwNTU4AAEe1xpYEtal8_s-lxKLDHlKzwDcy4Cb696lnA1W46CQPDXztyc1xbpeKFRASzU_aem_Q40VI5DbEknk_-7Yk5f4dA" "Mozilla/5.0 (Linux; Android 10; K) AppleWebKit/537.36 (KHTML, like Gecko) Chrome/142.0.0.0 Mobile Safari/537.36"
192.168.10.9 - - [03/Dec/2025:14:16:12 +0100] "GET /css/images_css/foto_siguiente.png HTTP/1.1" 200 15681 "https://www.basquetour.eus/css/estiloak_02feb2022.css" "Mozilla/5.0 (Linux; Android 10; K) AppleWebKit/537.36 (KHTML, like Gecko) Chrome/142.0.0.0 Mobile Safari/537.36"
192.168.10.19 - - [03/Dec/2025:14:16:12 +0100] "GET /images/ico_correo.png HTTP/1.1" 200 1075 "https://www.basquetour.eus/hoy-celebramos-el-dia-internacional-del-euskara.htm?fbclid=IwZXh0bgNhZW0CMTEAc3J0YwZhcHBfaWQMMjU2MjgxMDQwNTU4AAEe-B3gNVOhwV8D3sgG7AkG0umHnaJSE9FAxHL86jaJfKedYKVSSbSBl-N9Q6U_aem_sQzDmVRXyeBg1_FPMNaabw" "Mozilla/5.0 (Linux; Android 10; K) AppleWebKit/537.36 (KHTML, like Gecko) Chrome/142.0.0.0 Mobile Safari/537.36"
192.168.10.9 - - [03/Dec/2025:14:16:12 +0100] "GET /images/Logo_UNWTO.png HTTP/1.1" 200 11860 "https://www.basquetour.eus/hoy-celebramos-el-dia-internacional-del-euskara.htm?partekatu&fbclid=IwZXh0bgNhZW0CMTEAc3J0YwZhcHBfaWQMMjU2MjgxMDQwNTU4AAEeHURHsIrlhhAJVsHB1JqD4VwY1fz6cAm74Oio81O24oDs2lPrk37N1FybnXY_aem_zgVwbngcC-_JWwc_H89iLA" "Mozilla/5.0 (Linux; Android 10; K) AppleWebKit/537.36 (KHTML, like Gecko) Chrome/142.0.0.0 Mobile Safari/537.36"
192.168.10.19 - - [03/Dec/2025:14:16:12 +0100] "GET /images/ico_whatsapp.png HTTP/1.1" 200 4004 "https://www.basquetour.eus/hoy-celebramos-el-dia-internacional-del-euskara.htm?partekatu&fbclid=IwZXh0bgNhZW0CMTEAc3J0YwZhcHBfaWQMMjU2MjgxMDQwNTU4AAEeHURHsIrlhhAJVsHB1JqD4VwY1fz6cAm74Oio81O24oDs2lPrk37N1FybnXY_aem_zgVwbngcC-_JWwc_H89iLA" "Mozilla/5.0 (Linux; Android 10; K) AppleWebKit/537.36 (KHTML, like Gecko) Chrome/142.0.0.0 Mobile Safari/537.36"
192.168.10.9 - - [03/Dec/2025:14:16:12 +0100] "GET /imagenes/noticias/web01-GV-euskara_eguna_25_es.png HTTP/1.1" 200 317521 "https://www.basquetour.eus/hoy-celebramos-el-dia-internacional-del-euskara.htm?fbclid=IwZXh0bgNhZW0CMTEAc3J0YwZhcHBfaWQMMjU2MjgxMDQwNTU4AAEe-B3gNVOhwV8D3sgG7AkG0umHnaJSE9FAxHL86jaJfKedYKVSSbSBl-N9Q6U_aem_sQzDmVRXyeBg1_FPMNaabw" "Mozilla/5.0 (Linux; Android 10; K) AppleWebKit/537.36 (KHTML, like Gecko) Chrome/142.0.0.0 Mobile Safari/537.36"
192.168.10.9 - - [03/Dec/2025:14:16:12 +0100] "GET /jquery/elementos.js HTTP/1.1" 200 16789 "https://www.basquetour.eus/hoy-celebramos-el-dia-internacional-del-euskara.htm?fbclid=IwZXh0bgNhZW0CMTEAc3J0YwZhcHBfaWQMMjU2MjgxMDQwNTU4AAEe1xpYEtal8_s-lxKLDHlKzwDcy4Cb696lnA1W46CQPDXztyc1xbpeKFRASzU_aem_Q40VI5DbEknk_-7Yk5f4dA" "Mozilla/5.0 (Linux; Android 10; K) AppleWebKit/537.36 (KHTML, like Gecko) Chrome/142.0.0.0 Mobile Safari/537.36"
192.168.10.9 - - [03/Dec/2025:14:16:13 +0100] "GET /css/images_css/foto_siguiente.png HTTP/1.1" 200 15681 "https://www.basquetour.eus/css/estiloak_02feb2022.css" "Mozilla/5.0 (Linux; Android 10; K) AppleWebKit/537.36 (KHTML, like Gecko) Chrome/142.0.0.0 Mobile Safari/537.36"
192.168.10.19 - - [03/Dec/2025:14:16:13 +0100] "GET /images/ico_pinterest.png HTTP/1.1" 200 1343 "https://www.basquetour.eus/hoy-celebramos-el-dia-internacional-del-euskara.htm?partekatu&fbclid=IwZXh0bgNhZW0CMTEAc3J0YwZhcHBfaWQMMjU2MjgxMDQwNTU4AAEeHURHsIrlhhAJVsHB1JqD4VwY1fz6cAm74Oio81O24oDs2lPrk37N1FybnXY_aem_zgVwbngcC-_JWwc_H89iLA" "Mozilla/5.0 (Linux; Android 10; K) AppleWebKit/537.36 (KHTML, like Gecko) Chrome/142.0.0.0 Mobile Safari/537.36"
192.168.10.19 - - [03/Dec/2025:14:16:13 +0100] "GET /images/ico_correo.png HTTP/1.1" 200 1075 "https://www.basquetour.eus/hoy-celebramos-el-dia-internacional-del-euskara.htm?partekatu&fbclid=IwZXh0bgNhZW0CMTEAc3J0YwZhcHBfaWQMMjU2MjgxMDQwNTU4AAEeHURHsIrlhhAJVsHB1JqD4VwY1fz6cAm74Oio81O24oDs2lPrk37N1FybnXY_aem_zgVwbngcC-_JWwc_H89iLA" "Mozilla/5.0 (Linux; Android 10; K) AppleWebKit/537.36 (KHTML, like Gecko) Chrome/142.0.0.0 Mobile Safari/537.36"
192.168.10.19 - - [03/Dec/2025:14:16:13 +0100] "GET /css/images_css/ico_doc.png HTTP/1.1" 200 18145 "https://www.basquetour.eus/hoy-celebramos-el-dia-internacional-del-euskara.htm?fbclid=IwZXh0bgNhZW0CMTEAc3J0YwZhcHBfaWQMMjU2MjgxMDQwNTU4AAEe-B3gNVOhwV8D3sgG7AkG0umHnaJSE9FAxHL86jaJfKedYKVSSbSBl-N9Q6U_aem_sQzDmVRXyeBg1_FPMNaabw" "Mozilla/5.0 (Linux; Android 10; K) AppleWebKit/537.36 (KHTML, like Gecko) Chrome/142.0.0.0 Mobile Safari/537.36"
192.168.10.19 - - [03/Dec/2025:14:16:13 +0100] "GET /css/images_css/volver.png HTTP/1.1" 200 2545 "https://www.basquetour.eus/hoy-celebramos-el-dia-internacional-del-euskara.htm?fbclid=IwZXh0bgNhZW0CMTEAc3J0YwZhcHBfaWQMMjU2MjgxMDQwNTU4AAEe-B3gNVOhwV8D3sgG7AkG0umHnaJSE9FAxHL86jaJfKedYKVSSbSBl-N9Q6U_aem_sQzDmVRXyeBg1_FPMNaabw" "Mozilla/5.0 (Linux; Android 10; K) AppleWebKit/537.36 (KHTML, like Gecko) Chrome/142.0.0.0 Mobile Safari/537.36"
192.168.10.9 - - [03/Dec/2025:14:16:13 +0100] "GET /images/ico_X.png HTTP/1.1" 200 2904 "https://www.basquetour.eus/hoy-celebramos-el-dia-internacional-del-euskara.htm?fbclid=IwZXh0bgNhZW0CMTEAc3J0YwZhcHBfaWQMMjU2MjgxMDQwNTU4AAEe1xpYEtal8_s-lxKLDHlKzwDcy4Cb696lnA1W46CQPDXztyc1xbpeKFRASzU_aem_Q40VI5DbEknk_-7Yk5f4dA" "Mozilla/5.0 (Linux; Android 10; K) AppleWebKit/537.36 (KHTML, like Gecko) Chrome/142.0.0.0 Mobile Safari/537.36"
192.168.10.9 - - [03/Dec/2025:14:16:13 +0100] "GET /images/ico_facebook.png HTTP/1.1" 200 3336 "https://www.basquetour.eus/hoy-celebramos-el-dia-internacional-del-euskara.htm?fbclid=IwZXh0bgNhZW0CMTEAc3J0YwZhcHBfaWQMMjU2MjgxMDQwNTU4AAEe1xpYEtal8_s-lxKLDHlKzwDcy4Cb696lnA1W46CQPDXztyc1xbpeKFRASzU_aem_Q40VI5DbEknk_-7Yk5f4dA" "Mozilla/5.0 (Linux; Android 10; K) AppleWebKit/537.36 (KHTML, like Gecko) Chrome/142.0.0.0 Mobile Safari/537.36"
192.168.10.9 - - [03/Dec/2025:14:16:13 +0100] "GET /css/redefinido.css HTTP/1.1" 200 1488 "https://www.basquetour.eus/css/estiloak_02feb2022.css" "Mozilla/5.0 (Linux; Android 10; K) AppleWebKit/537.36 (KHTML, like Gecko) Chrome/142.0.0.0 Mobile Safari/537.36"
192.168.10.9 - - [03/Dec/2025:14:16:13 +0100] "GET /images/ico_youtube.png HTTP/1.1" 200 3862 "https://www.basquetour.eus/hoy-celebramos-el-dia-internacional-del-euskara.htm?fbclid=IwZXh0bgNhZW0CMTEAc3J0YwZhcHBfaWQMMjU2MjgxMDQwNTU4AAEe1xpYEtal8_s-lxKLDHlKzwDcy4Cb696lnA1W46CQPDXztyc1xbpeKFRASzU_aem_Q40VI5DbEknk_-7Yk5f4dA" "Mozilla/5.0 (Linux; Android 10; K) AppleWebKit/537.36 (KHTML, like Gecko) Chrome/142.0.0.0 Mobile Safari/537.36"
192.168.10.9 - - [03/Dec/2025:14:16:13 +0100] "GET /css/images_css/ico_doc.png HTTP/1.1" 200 18145 "https://www.basquetour.eus/hoy-celebramos-el-dia-internacional-del-euskara.htm?partekatu&fbclid=IwZXh0bgNhZW0CMTEAc3J0YwZhcHBfaWQMMjU2MjgxMDQwNTU4AAEeHURHsIrlhhAJVsHB1JqD4VwY1fz6cAm74Oio81O24oDs2lPrk37N1FybnXY_aem_zgVwbngcC-_JWwc_H89iLA" "Mozilla/5.0 (Linux; Android 10; K) AppleWebKit/537.36 (KHTML, like Gecko) Chrome/142.0.0.0 Mobile Safari/537.36"
192.168.10.9 - - [03/Dec/2025:14:16:13 +0100] "GET /imagenes/noticias/web01-GV-euskara_eguna_25_es.png HTTP/1.1" 200 317521 "https://www.basquetour.eus/hoy-celebramos-el-dia-internacional-del-euskara.htm?partekatu&fbclid=IwZXh0bgNhZW0CMTEAc3J0YwZhcHBfaWQMMjU2MjgxMDQwNTU4AAEeHURHsIrlhhAJVsHB1JqD4VwY1fz6cAm74Oio81O24oDs2lPrk37N1FybnXY_aem_zgVwbngcC-_JWwc_H89iLA" "Mozilla/5.0 (Linux; Android 10; K) AppleWebKit/537.36 (KHTML, like Gecko) Chrome/142.0.0.0 Mobile Safari/537.36"
192.168.10.9 - - [03/Dec/2025:14:16:13 +0100] "GET /images/ico_linkedin.png HTTP/1.1" 200 1129 "https://www.basquetour.eus/hoy-celebramos-el-dia-internacional-del-euskara.htm?fbclid=IwZXh0bgNhZW0CMTEAc3J0YwZhcHBfaWQMMjU2MjgxMDQwNTU4AAEe1xpYEtal8_s-lxKLDHlKzwDcy4Cb696lnA1W46CQPDXztyc1xbpeKFRASzU_aem_Q40VI5DbEknk_-7Yk5f4dA" "Mozilla/5.0 (Linux; Android 10; K) AppleWebKit/537.36 (KHTML, like Gecko) Chrome/142.0.0.0 Mobile Safari/537.36"
192.168.10.9 - - [03/Dec/2025:14:16:13 +0100] "GET /css/images_css/volver.png HTTP/1.1" 200 2545 "https://www.basquetour.eus/hoy-celebramos-el-dia-internacional-del-euskara.htm?partekatu&fbclid=IwZXh0bgNhZW0CMTEAc3J0YwZhcHBfaWQMMjU2MjgxMDQwNTU4AAEeHURHsIrlhhAJVsHB1JqD4VwY1fz6cAm74Oio81O24oDs2lPrk37N1FybnXY_aem_zgVwbngcC-_JWwc_H89iLA" "Mozilla/5.0 (Linux; Android 10; K) AppleWebKit/537.36 (KHTML, like Gecko) Chrome/142.0.0.0 Mobile Safari/537.36"
192.168.10.9 - - [03/Dec/2025:14:16:13 +0100] "GET /bootstrap-3.3.6/dist/css/bootstrap.min.css HTTP/1.1" 200 121260 "https://www.basquetour.eus/css/redefinido.css" "Mozilla/5.0 (Linux; Android 10; K) AppleWebKit/537.36 (KHTML, like Gecko) Chrome/142.0.0.0 Mobile Safari/537.36"
192.168.10.19 - - [03/Dec/2025:14:16:13 +0100] "GET /imagenes/banners/ico-agenda.jpg HTTP/1.1" 200 54679 "https://www.basquetour.eus/hoy-celebramos-el-dia-internacional-del-euskara.htm?fbclid=IwZXh0bgNhZW0CMTEAc3J0YwZhcHBfaWQMMjU2MjgxMDQwNTU4AAEe-B3gNVOhwV8D3sgG7AkG0umHnaJSE9FAxHL86jaJfKedYKVSSbSBl-N9Q6U_aem_sQzDmVRXyeBg1_FPMNaabw" "Mozilla/5.0 (Linux; Android 10; K) AppleWebKit/537.36 (KHTML, like Gecko) Chrome/142.0.0.0 Mobile Safari/537.36"
192.168.10.9 - - [03/Dec/2025:14:16:13 +0100] "GET /images/Logo_GobiernoVasco.png HTTP/1.1" 200 24115 "https://www.basquetour.eus/hoy-celebramos-el-dia-internacional-del-euskara.htm?fbclid=IwZXh0bgNhZW0CMTEAc3J0YwZhcHBfaWQMMjU2MjgxMDQwNTU4AAEe1xpYEtal8_s-lxKLDHlKzwDcy4Cb696lnA1W46CQPDXztyc1xbpeKFRASzU_aem_Q40VI5DbEknk_-7Yk5f4dA" "Mozilla/5.0 (Linux; Android 10; K) AppleWebKit/537.36 (KHTML, like Gecko) Chrome/142.0.0.0 Mobile Safari/537.36"
192.168.10.9 - - [03/Dec/2025:14:16:13 +0100] "GET /imagenes/banners/ico-estudios.jpg HTTP/1.1" 200 57748 "https://www.basquetour.eus/hoy-celebramos-el-dia-internacional-del-euskara.htm?fbclid=IwZXh0bgNhZW0CMTEAc3J0YwZhcHBfaWQMMjU2MjgxMDQwNTU4AAEe-B3gNVOhwV8D3sgG7AkG0umHnaJSE9FAxHL86jaJfKedYKVSSbSBl-N9Q6U_aem_sQzDmVRXyeBg1_FPMNaabw" "Mozilla/5.0 (Linux; Android 10; K) AppleWebKit/537.36 (KHTML, like Gecko) Chrome/142.0.0.0 Mobile Safari/537.36"
192.168.10.19 - - [03/Dec/2025:14:16:13 +0100] "GET /imagenes/banners/ico-agenda.jpg HTTP/1.1" 200 54679 "https://www.basquetour.eus/hoy-celebramos-el-dia-internacional-del-euskara.htm?partekatu&fbclid=IwZXh0bgNhZW0CMTEAc3J0YwZhcHBfaWQMMjU2MjgxMDQwNTU4AAEeHURHsIrlhhAJVsHB1JqD4VwY1fz6cAm74Oio81O24oDs2lPrk37N1FybnXY_aem_zgVwbngcC-_JWwc_H89iLA" "Mozilla/5.0 (Linux; Android 10; K) AppleWebKit/537.36 (KHTML, like Gecko) Chrome/142.0.0.0 Mobile Safari/537.36"
192.168.10.9 - - [03/Dec/2025:14:16:14 +0100] "GET /imagenes/banners/ico-estudios.jpg HTTP/1.1" 200 57748 "https://www.basquetour.eus/hoy-celebramos-el-dia-internacional-del-euskara.htm?partekatu&fbclid=IwZXh0bgNhZW0CMTEAc3J0YwZhcHBfaWQMMjU2MjgxMDQwNTU4AAEeHURHsIrlhhAJVsHB1JqD4VwY1fz6cAm74Oio81O24oDs2lPrk37N1FybnXY_aem_zgVwbngcC-_JWwc_H89iLA" "Mozilla/5.0 (Linux; Android 10; K) AppleWebKit/537.36 (KHTML, like Gecko) Chrome/142.0.0.0 Mobile Safari/537.36"
192.168.10.9 - - [03/Dec/2025:14:16:14 +0100] "GET /images/logotipo.jpg HTTP/1.1" 200 35077 "https://www.basquetour.eus/hoy-celebramos-el-dia-internacional-del-euskara.htm?fbclid=IwZXh0bgNhZW0CMTEAc3J0YwZhcHBfaWQMMjU2MjgxMDQwNTU4AAEe1xpYEtal8_s-lxKLDHlKzwDcy4Cb696lnA1W46CQPDXztyc1xbpeKFRASzU_aem_Q40VI5DbEknk_-7Yk5f4dA" "Mozilla/5.0 (Linux; Android 10; K) AppleWebKit/537.36 (KHTML, like Gecko) Chrome/142.0.0.0 Mobile Safari/537.36"
192.168.10.19 - - [03/Dec/2025:14:16:14 +0100] "GET /imagenes/banners/ico-organiza-tu-evento.jpg HTTP/1.1" 200 69673 "https://www.basquetour.eus/hoy-celebramos-el-dia-internacional-del-euskara.htm?partekatu&fbclid=IwZXh0bgNhZW0CMTEAc3J0YwZhcHBfaWQMMjU2MjgxMDQwNTU4AAEeHURHsIrlhhAJVsHB1JqD4VwY1fz6cAm74Oio81O24oDs2lPrk37N1FybnXY_aem_zgVwbngcC-_JWwc_H89iLA" "Mozilla/5.0 (Linux; Android 10; K) AppleWebKit/537.36 (KHTML, like Gecko) Chrome/142.0.0.0 Mobile Safari/537.36"
192.168.10.19 - - [03/Dec/2025:14:16:14 +0100] "GET /imagenes/banners/ico-organiza-tu-evento.jpg HTTP/1.1" 200 69673 "https://www.basquetour.eus/hoy-celebramos-el-dia-internacional-del-euskara.htm?fbclid=IwZXh0bgNhZW0CMTEAc3J0YwZhcHBfaWQMMjU2MjgxMDQwNTU4AAEe-B3gNVOhwV8D3sgG7AkG0umHnaJSE9FAxHL86jaJfKedYKVSSbSBl-N9Q6U_aem_sQzDmVRXyeBg1_FPMNaabw" "Mozilla/5.0 (Linux; Android 10; K) AppleWebKit/537.36 (KHTML, like Gecko) Chrome/142.0.0.0 Mobile Safari/537.36"
192.168.10.19 - - [03/Dec/2025:14:16:14 +0100] "GET /imagenes/banners/ico-transparencia.jpg HTTP/1.1" 200 71270 "https://www.basquetour.eus/hoy-celebramos-el-dia-internacional-del-euskara.htm?fbclid=IwZXh0bgNhZW0CMTEAc3J0YwZhcHBfaWQMMjU2MjgxMDQwNTU4AAEe-B3gNVOhwV8D3sgG7AkG0umHnaJSE9FAxHL86jaJfKedYKVSSbSBl-N9Q6U_aem_sQzDmVRXyeBg1_FPMNaabw" "Mozilla/5.0 (Linux; Android 10; K) AppleWebKit/537.36 (KHTML, like Gecko) Chrome/142.0.0.0 Mobile Safari/537.36"
192.168.10.19 - - [03/Dec/2025:14:16:14 +0100] "GET /imagenes/banners/ico-transparencia.jpg HTTP/1.1" 200 71270 "https://www.basquetour.eus/hoy-celebramos-el-dia-internacional-del-euskara.htm?partekatu&fbclid=IwZXh0bgNhZW0CMTEAc3J0YwZhcHBfaWQMMjU2MjgxMDQwNTU4AAEeHURHsIrlhhAJVsHB1JqD4VwY1fz6cAm74Oio81O24oDs2lPrk37N1FybnXY_aem_zgVwbngcC-_JWwc_H89iLA" "Mozilla/5.0 (Linux; Android 10; K) AppleWebKit/537.36 (KHTML, like Gecko) Chrome/142.0.0.0 Mobile Safari/537.36"
192.168.10.9 - - [03/Dec/2025:14:16:14 +0100] "GET /imagenes/banners/BOTW_BADGE_BLACK_TEXT_2026-02.png HTTP/1.1" 200 49154 "https://www.basquetour.eus/hoy-celebramos-el-dia-internacional-del-euskara.htm?fbclid=IwZXh0bgNhZW0CMTEAc3J0YwZhcHBfaWQMMjU2MjgxMDQwNTU4AAEe-B3gNVOhwV8D3sgG7AkG0umHnaJSE9FAxHL86jaJfKedYKVSSbSBl-N9Q6U_aem_sQzDmVRXyeBg1_FPMNaabw" "Mozilla/5.0 (Linux; Android 10; K) AppleWebKit/537.36 (KHTML, like Gecko) Chrome/142.0.0.0 Mobile Safari/537.36"
192.168.10.19 - - [03/Dec/2025:14:16:15 +0100] "GET /imagenes/banners/BOTW_BADGE_BLACK_TEXT_2026-02.png HTTP/1.1" 200 49154 "https://www.basquetour.eus/hoy-celebramos-el-dia-internacional-del-euskara.htm?partekatu&fbclid=IwZXh0bgNhZW0CMTEAc3J0YwZhcHBfaWQMMjU2MjgxMDQwNTU4AAEeHURHsIrlhhAJVsHB1JqD4VwY1fz6cAm74Oio81O24oDs2lPrk37N1FybnXY_aem_zgVwbngcC-_JWwc_H89iLA" "Mozilla/5.0 (Linux; Android 10; K) AppleWebKit/537.36 (KHTML, like Gecko) Chrome/142.0.0.0 Mobile Safari/537.36"
192.168.10.19 - - [03/Dec/2025:14:16:15 +0100] "GET /images/basque_country.png HTTP/1.1" 200 7543 "https://www.basquetour.eus/hoy-celebramos-el-dia-internacional-del-euskara.htm?partekatu&fbclid=IwZXh0bgNhZW0CMTEAc3J0YwZhcHBfaWQMMjU2MjgxMDQwNTU4AAEeHURHsIrlhhAJVsHB1JqD4VwY1fz6cAm74Oio81O24oDs2lPrk37N1FybnXY_aem_zgVwbngcC-_JWwc_H89iLA" "Mozilla/5.0 (Linux; Android 10; K) AppleWebKit/537.36 (KHTML, like Gecko) Chrome/142.0.0.0 Mobile Safari/537.36"
192.168.10.19 - - [03/Dec/2025:14:16:15 +0100] "GET /images/basque_country.png HTTP/1.1" 200 7543 "https://www.basquetour.eus/hoy-celebramos-el-dia-internacional-del-euskara.htm?fbclid=IwZXh0bgNhZW0CMTEAc3J0YwZhcHBfaWQMMjU2MjgxMDQwNTU4AAEe-B3gNVOhwV8D3sgG7AkG0umHnaJSE9FAxHL86jaJfKedYKVSSbSBl-N9Q6U_aem_sQzDmVRXyeBg1_FPMNaabw" "Mozilla/5.0 (Linux; Android 10; K) AppleWebKit/537.36 (KHTML, like Gecko) Chrome/142.0.0.0 Mobile Safari/537.36"
192.168.10.9 - - [03/Dec/2025:14:16:16 +0100] "GET /images/ico_whatsapp.png HTTP/1.1" 200 4004 "https://www.basquetour.eus/hoy-celebramos-el-dia-internacional-del-euskara.htm?fbclid=IwZXh0bgNhZW0CMTEAc3J0YwZhcHBfaWQMMjU2MjgxMDQwNTU4AAEe1xpYEtal8_s-lxKLDHlKzwDcy4Cb696lnA1W46CQPDXztyc1xbpeKFRASzU_aem_Q40VI5DbEknk_-7Yk5f4dA" "Mozilla/5.0 (Linux; Android 10; K) AppleWebKit/537.36 (KHTML, like Gecko) Chrome/142.0.0.0 Mobile Safari/537.36"
192.168.10.9 - - [03/Dec/2025:14:16:16 +0100] "GET /images/ico_pinterest.png HTTP/1.1" 200 1343 "https://www.basquetour.eus/hoy-celebramos-el-dia-internacional-del-euskara.htm?fbclid=IwZXh0bgNhZW0CMTEAc3J0YwZhcHBfaWQMMjU2MjgxMDQwNTU4AAEe1xpYEtal8_s-lxKLDHlKzwDcy4Cb696lnA1W46CQPDXztyc1xbpeKFRASzU_aem_Q40VI5DbEknk_-7Yk5f4dA" "Mozilla/5.0 (Linux; Android 10; K) AppleWebKit/537.36 (KHTML, like Gecko) Chrome/142.0.0.0 Mobile Safari/537.36"
192.168.10.9 - - [03/Dec/2025:14:16:16 +0100] "GET /images/ico_correo.png HTTP/1.1" 200 1075 "https://www.basquetour.eus/hoy-celebramos-el-dia-internacional-del-euskara.htm?fbclid=IwZXh0bgNhZW0CMTEAc3J0YwZhcHBfaWQMMjU2MjgxMDQwNTU4AAEe1xpYEtal8_s-lxKLDHlKzwDcy4Cb696lnA1W46CQPDXztyc1xbpeKFRASzU_aem_Q40VI5DbEknk_-7Yk5f4dA" "Mozilla/5.0 (Linux; Android 10; K) AppleWebKit/537.36 (KHTML, like Gecko) Chrome/142.0.0.0 Mobile Safari/537.36"
192.168.10.9 - - [03/Dec/2025:14:16:16 +0100] "GET /imagenes/noticias/web01-GV-euskara_eguna_25_es.png HTTP/1.1" 200 317521 "https://www.basquetour.eus/hoy-celebramos-el-dia-internacional-del-euskara.htm?fbclid=IwZXh0bgNhZW0CMTEAc3J0YwZhcHBfaWQMMjU2MjgxMDQwNTU4AAEe1xpYEtal8_s-lxKLDHlKzwDcy4Cb696lnA1W46CQPDXztyc1xbpeKFRASzU_aem_Q40VI5DbEknk_-7Yk5f4dA" "Mozilla/5.0 (Linux; Android 10; K) AppleWebKit/537.36 (KHTML, like Gecko) Chrome/142.0.0.0 Mobile Safari/537.36"
192.168.10.9 - - [03/Dec/2025:14:16:17 +0100] "GET /css/images_css/ico_doc.png HTTP/1.1" 200 18145 "https://www.basquetour.eus/hoy-celebramos-el-dia-internacional-del-euskara.htm?fbclid=IwZXh0bgNhZW0CMTEAc3J0YwZhcHBfaWQMMjU2MjgxMDQwNTU4AAEe1xpYEtal8_s-lxKLDHlKzwDcy4Cb696lnA1W46CQPDXztyc1xbpeKFRASzU_aem_Q40VI5DbEknk_-7Yk5f4dA" "Mozilla/5.0 (Linux; Android 10; K) AppleWebKit/537.36 (KHTML, like Gecko) Chrome/142.0.0.0 Mobile Safari/537.36"
192.168.10.9 - - [03/Dec/2025:14:16:17 +0100] "GET /css/images_css/volver.png HTTP/1.1" 200 2545 "https://www.basquetour.eus/hoy-celebramos-el-dia-internacional-del-euskara.htm?fbclid=IwZXh0bgNhZW0CMTEAc3J0YwZhcHBfaWQMMjU2MjgxMDQwNTU4AAEe1xpYEtal8_s-lxKLDHlKzwDcy4Cb696lnA1W46CQPDXztyc1xbpeKFRASzU_aem_Q40VI5DbEknk_-7Yk5f4dA" "Mozilla/5.0 (Linux; Android 10; K) AppleWebKit/537.36 (KHTML, like Gecko) Chrome/142.0.0.0 Mobile Safari/537.36"
192.168.10.9 - - [03/Dec/2025:14:16:17 +0100] "GET /imagenes/banners/ico-agenda.jpg HTTP/1.1" 200 54679 "https://www.basquetour.eus/hoy-celebramos-el-dia-internacional-del-euskara.htm?fbclid=IwZXh0bgNhZW0CMTEAc3J0YwZhcHBfaWQMMjU2MjgxMDQwNTU4AAEe1xpYEtal8_s-lxKLDHlKzwDcy4Cb696lnA1W46CQPDXztyc1xbpeKFRASzU_aem_Q40VI5DbEknk_-7Yk5f4dA" "Mozilla/5.0 (Linux; Android 10; K) AppleWebKit/537.36 (KHTML, like Gecko) Chrome/142.0.0.0 Mobile Safari/537.36"
192.168.10.9 - - [03/Dec/2025:14:16:17 +0100] "GET /imagenes/banners/ico-estudios.jpg HTTP/1.1" 200 57748 "https://www.basquetour.eus/hoy-celebramos-el-dia-internacional-del-euskara.htm?fbclid=IwZXh0bgNhZW0CMTEAc3J0YwZhcHBfaWQMMjU2MjgxMDQwNTU4AAEe1xpYEtal8_s-lxKLDHlKzwDcy4Cb696lnA1W46CQPDXztyc1xbpeKFRASzU_aem_Q40VI5DbEknk_-7Yk5f4dA" "Mozilla/5.0 (Linux; Android 10; K) AppleWebKit/537.36 (KHTML, like Gecko) Chrome/142.0.0.0 Mobile Safari/537.36"
192.168.10.9 - - [03/Dec/2025:14:16:18 +0100] "GET /imagenes/banners/ico-organiza-tu-evento.jpg HTTP/1.1" 200 69673 "https://www.basquetour.eus/hoy-celebramos-el-dia-internacional-del-euskara.htm?fbclid=IwZXh0bgNhZW0CMTEAc3J0YwZhcHBfaWQMMjU2MjgxMDQwNTU4AAEe1xpYEtal8_s-lxKLDHlKzwDcy4Cb696lnA1W46CQPDXztyc1xbpeKFRASzU_aem_Q40VI5DbEknk_-7Yk5f4dA" "Mozilla/5.0 (Linux; Android 10; K) AppleWebKit/537.36 (KHTML, like Gecko) Chrome/142.0.0.0 Mobile Safari/537.36"
